t common factor of 20 and c.
20
Let w(m) = 3*m**2 - 10*m + 5. Let u be w(9). Suppose 74 = 2*l + 2*i, l - i - u = -3*l. What is the highest common factor of l and 13?
13
Let t(d) = -d + 2. Let b be t(-3). Let i(j) = -4*j**2 + 102*j + 5. Let z be i(25). What is the greatest common factor of b and z?
5
Suppose -4*k + 18 = -2*h, -3*k + 2*h + 3*h = -10. Let b = -199 - -204. Calculate the greatest common factor of k and b.
5
Suppose -6*k = -55 - 1025. Calculate the highest common factor of k and 300.
60
Let o(x) = -6*x + 6. Let z be o(-5). Suppose -2*q - m + 71 = 0, -2 = -m - m. Let n = q + -26. Calculate the highest common factor of z and n.
9
Suppose 355*c - 351*c - 252 = 0. Calculate the highest common factor of 42 and c.
21
Suppose -25 = 2*f - 0*f + 3*a, -3*f - a = 55. Let q = 4 - f. Let g be 147/4 + q/(-32). What is the highest common divisor of 90 and g?
18
Suppose 0 = -p + 84 - 35. Suppose 21 = -2*w + p. Suppose 2*n = -4*d + 20, 2*n + 3*d - 27 = -5. Calculate the greatest common factor of w and n.
14
Suppose 3*b + 2*s - 155 = 4*s, -255 = -5*b + 4*s. What is the highest common factor of 495 and b?
55
Suppose 4 = 24*x - 20*x, 2*x - 101 = -y. Calculate the greatest common factor of y and 45.
9
Let m = 84 + -4. Suppose -c - 62 = -3*y, 21 = y - 2*c - 3. What is the highest common divisor of y and m?
20
Let p = -42 - -56. What is the highest common factor of p and 28?
14
Suppose -37 = -11*u - 15. Calculate the highest common factor of 94 and u.
2
Let d = -283 - -303. Suppose 0*y + 320 = 4*y. Calculate the greatest common factor of d and y.
20
Let m = -267 + 296. Let j be ((-783)/(-12))/((-2)/(-8)). What is the greatest common divisor of m and j?
29
Let v be 16 - (14 - (-99)/(-11)). What is the highest common factor of v and 2816?
11
Let s = -596 - -785. Calculate the highest common divisor of 27 and s.
27
Suppose 5*f = y + 2375, -4*f + 1894 = 4*y - 6. Calculate the greatest common factor of 25 and f.
25
Let g be -16*(14/4)/(-7). Suppose -252 = -g*t + 5*t. What is the greatest common factor of t and 21?
21
Let r(b) = 13*b + 32. Suppose 64 = -24*p + 28*p. Let z be r(p). What is the greatest common factor of z and 48?
48
Let v(q) = -q**2 + 7*q + 154. Let u be v(0). Calculate the highest common factor of 14 and u.
14
Let i(u) = 11*u - 2*u - 5*u - 2*u + 6*u**2. Let o be i(-5). What is the highest common divisor of o and 28?
28
Let x = 459 + -371. What is the greatest common factor of x and 110?
22
Let h be (-2)/(-3)*(-21)/(-7). Let q(t) = -3*t**2 + 4 - t - 12*t + 2*t**h. Let p be q(-11). What is the highest common divisor of p and 130?
26
Let t(b) = -b**2 + b + 4. Let n be t(0). Suppose -2*j = -n*j. Suppose -13 = -f + 2*v, 3*v + 0*v + 15 = j. What is the greatest common factor of f and 15?
3
Let j be (-2)/8 + 725/20. Let f = j - 60. Let z = -6 - f. Calculate the highest common factor of z and 198.
18
Suppose 2*t - 60 = -t. Suppose 26 = v + t. Suppose 0*p - 5*o = -2*p + 7, -5*o = -5*p + 25. What is the greatest common factor of v and p?
6
Let t(z) = 36*z - 24. Let i be t(7). Calculate the highest common divisor of 57 and i.
57
Let c = -16 + 22. Suppose 0 = -4*n + 3*t + 54, -n - 4*t + 16 = n. Calculate the greatest common factor of c and n.
6
Suppose 1052 = 5*g - 1188. What is the greatest common divisor of 28 and g?
28
Suppose 2*z - z - 4*m = 38, 2*z - 3*m = 86. Let o = z + -26. What is the greatest common factor of o and 180?
20
Suppose -6*j - 4*b + 92 = -134, 0 = 2*j - 2*b - 62. Calculate the highest common factor of 42 and j.
7
Suppose 5 - 11 = -n - 2*s, -3 = 2*n - s. Suppose n*o = 5*o - 20. Suppose -3 + 19 = o*x, -2*x = -4*v + 44. What is the greatest common factor of 39 and v?
13
Let p(b) = -15*b**3 + b**2 + 3*b + 1. Let x be p(-1). Suppose -5*g = -x*g + 108. Let v = 38 + -2. Calculate the greatest common factor of g and v.
12
Suppose 4*s - 189 = 79. Let c = s + -21. Calculate the greatest common divisor of c and 414.
46
Let p(q) = -q + 7. Let c be p(-8). Let o = -39 + 43. Suppose o = j + t - 2, 6 = j - 3*t. What is the greatest common factor of j and c?
3
Let q(d) = 36*d - 20. Let m be q(2). Calculate the highest common divisor of m and 12.
4
Let j be 9786/35 - 3/5. Suppose 183 + j = 7*z. Calculate the highest common divisor of 44 and z.
22
Suppose -105 + 1040 = 11*s. Let w = 115 - s. Calculate the highest common divisor of w and 60.
30
Suppose 3*t - 1388 = -5*z, -4*t = z - 407 + 143. What is the highest common divisor of 35 and z?
35
Let f(u) = 23*u**2 - 1. Let k be f(-1). Suppose -5*l - 4*n = -7*n - 171, 3*l = -4*n + 91. Calculate the greatest common factor of k and l.
11
Let i be -27*(-3 - ((-56)/12)/2). What is the greatest common divisor of 54 and i?
18
Suppose 80 = -5*i + 10*i. Suppose 51*h - 344 = -38. Calculate the greatest common factor of h and i.
2
Suppose -193 = -8*h - 105. What is the highest common factor of h and 1?
1
Let g be (-39)/(-9) - (-6)/9. Suppose 5*x - 15 = g*n, 7*x = 3*x - 5*n + 21. What is the highest common factor of 36 and x?
4
Let s = 117 - 114. Let z(a) = 2*a**2 - a - 6. Let r be z(s). What is the greatest common divisor of 1 and r?
1
Let i be (-3330)/25 + (-2)/(-10). Let r be (i/19)/((1 - 1) + -1). Calculate the greatest common factor of 7 and r.
7
Let y(p) = 211*p - 81. Let c be y(4). Calculate the highest common factor of 7 and c.
7
Suppose -10*b + 10 = -5*b. Suppose -5*i - 23 = 4*q - 3*q, 4*i + 4 = 0. Let r be (b + -3)/(2/q). Calculate the highest common divisor of r and 1.
1
Suppose 135 = 2*c - 3*p, 5*p - 102 = -4*c + 135. What is the highest common divisor of c and 399?
21
Let a(k) = 59*k**2 - 27*k + 12. Let j be a(4). Calculate the greatest common factor of 16 and j.
16
Suppose 0 = -3*n - 3*c + 264, -443 = -5*n - 9*c + 5*c. Calculate the greatest common factor of n and 169.
13
Let i(a) = a**3 - 11*a**2 - 9*a + 4. Let w be i(12). Let c(h) = 6*h - 2. Let v be c(2). Calculate the greatest common divisor of w and v.
10
Let f(m) = 16*m - 167. Let w be f(11). Suppose 2*o + 4 = 76. Calculate the greatest common divisor of o and w.
9
Let b = 38 + -9. What is the highest common divisor of b and 1711?
29
Let n = 16 + -12. Suppose 0 = n*o + 81 + 27. Let w = o + 53. What is the highest common factor of w and 65?
13
Let a = 6 - -11. Suppose a + 1 = 2*o. Calculate the greatest common divisor of 1 and o.
1
Let j = -1296 + 1344. Calculate the greatest common factor of 1104 and j.
48
Let t(p) = p**2 - 10*p + 1. Let h be t(11). Suppose -3*w = 0, 0 = v - 4*w - 53 - h. What is the greatest common factor of v and 5?
5
Let g = 21 - 20. Suppose -2*z - 10 = -4*f, 9 = -z + 3*f + g. What is the highest common factor of z and 11?
1
Let c = -24 + 21. Let r be c/((4/10)/(-2)). Calculate the greatest common factor of 5 and r.
5
Suppose 0 - 8 = -2*h. Let o = 912 - 911. What is the highest common factor of h and o?
1
Suppose -31*v = -6*v - 3250. Calculate the highest common divisor of v and 170.
10
Suppose 10*t + 263 = -67. Let g = 39 + t. Let j be (-5)/2*(-36)/30. Calculate the greatest common factor of j and g.
3
Let m be (-16)/24*(-18)/4. Suppose -2*k - m*t - 17 = -52, 0 = -3*t + 9. What is the greatest common divisor of k and 13?
13
Suppose 7*m = -2*m + 144. Let v = m + -5. Let w(q) = -21*q + 1. Let s be w(-1). What is the highest common divisor of s and v?
11
Let m = -864 - -930. Calculate the greatest common factor of 42 and m.
6
Let g(x) be the first derivative of x**3/3 + 7*x**2/2 - 7*x - 15. Let i be g(-8). Suppose -n = -i - 41. What is the highest common factor of 63 and n?
21
Let r = 498 + -323. Let b = 968 - 898. Calculate the greatest common divisor of r and b.
35
Let k = 1620 - 1570. What is the highest common factor of k and 20?
10
Let p be 1228/14 - (296/(-56) - -5). Calculate the highest common divisor of 396 and p.
44
Suppose -6 = 2*b, 4*b = -2*q + q + 448. What is the greatest common factor of 805 and q?
115
Let r be 4 + (-1 - 0) + -1. Suppose -3*c = r*c - 525. Suppose -27 = -a - 3*t, -21 = -2*t - 13. Calculate the greatest common factor of a and c.
15
Let a = -129 + 143. What is the highest common divisor of 238 and a?
14
Let f = 77 + -2. Suppose -5*d = 2*j - f, j - 174 = -4*j + d. Calculate the highest common divisor of j and 7.
7
Let a be -147*((-3)/6)/(5/10). Calculate the greatest common factor of 3 and a.
3
Suppos